{"id":2626,"date":"2023-09-05T16:43:28","date_gmt":"2023-09-05T19:43:28","guid":{"rendered":"https:\/\/centraldoingles.com\/portal\/?page_id=2626"},"modified":"2025-11-02T11:31:42","modified_gmt":"2025-11-02T14:31:42","slug":"quem-somos","status":"publish","type":"page","link":"https:\/\/centraldoingles.com\/portal\/quem-somos\/","title":{"rendered":"Quem Somos"},"content":{"rendered":"\t\t<div data-elementor-type=\"wp-page\" data-elementor-id=\"2626\" class=\"elementor elementor-2626\" data-elementor-post-type=\"page\">\n\t\t\t\t<div class=\"elementor-element elementor-element-6b721e1 e-con-full e-flex e-con e-parent\" data-id=\"6b721e1\" data-element_type=\"container\" data-settings=\"{&quot;ekit_has_onepagescroll_dot&quot;:&quot;yes&quot;}\">\n\t\t\t\t<div class=\"elementor-element elementor-element-c4eef22 elementor-widget elementor-widget-image\" data-id=\"c4eef22\" data-element_type=\"widget\" data-settings=\"{&quot;ekit_we_effect_on&quot;:&quot;none&quot;}\" data-widget_type=\"image.default\">\n\t\t\t\t<div class=\"elementor-widget-container\">\n\t\t\t\t\t\t\t\t\t\t\t\t\t\t\t<img fetchpriority=\"high\" decoding=\"async\" width=\"300\" height=\"300\" src=\"https:\/\/centraldoingles.com\/portal\/wp-content\/uploads\/2023\/09\/quemsomos-300x300.jpg\" class=\"attachment-medium size-medium wp-image-2816\" alt=\"\" srcset=\"https:\/\/centraldoingles.com\/portal\/wp-content\/uploads\/2023\/09\/quemsomos-300x300.jpg 300w, https:\/\/centraldoingles.com\/portal\/wp-content\/uploads\/2023\/09\/quemsomos-1024x1024.jpg 1024w, https:\/\/centraldoingles.com\/portal\/wp-content\/uploads\/2023\/09\/quemsomos-150x150.jpg 150w, https:\/\/centraldoingles.com\/portal\/wp-content\/uploads\/2023\/09\/quemsomos-768x768.jpg 768w, https:\/\/centraldoingles.com\/portal\/wp-content\/uploads\/2023\/09\/quemsomos.jpg 1080w\" sizes=\"(max-width: 300px) 100vw, 300px\" \/>\t\t\t\t\t\t\t\t\t\t\t\t\t\t\t<\/div>\n\t\t\t\t<\/div>\n\t\t<div class=\"elementor-element elementor-element-40618d0 e-con-full e-flex e-con e-child\" data-id=\"40618d0\" data-element_type=\"container\" data-settings=\"{&quot;ekit_has_onepagescroll_dot&quot;:&quot;yes&quot;}\">\n\t\t\t\t<div class=\"elementor-element elementor-element-ba52174 elementor-widget elementor-widget-heading\" data-id=\"ba52174\" data-element_type=\"widget\" data-settings=\"{&quot;ekit_we_effect_on&quot;:&quot;none&quot;}\" data-widget_type=\"heading.default\">\n\t\t\t\t<div class=\"elementor-widget-container\">\n\t\t\t\t\t<h2 class=\"elementor-heading-title elementor-size-default\">Quem Somos<\/h2>\t\t\t\t<\/div>\n\t\t\t\t<\/div>\n\t\t\t\t<div class=\"elementor-element elementor-element-a4a0ca9 elementor-widget elementor-widget-heading\" data-id=\"a4a0ca9\" data-element_type=\"widget\" data-settings=\"{&quot;ekit_we_effect_on&quot;:&quot;none&quot;}\" data-widget_type=\"heading.default\">\n\t\t\t\t<div class=\"elementor-widget-container\">\n\t\t\t\t\t<h3 class=\"elementor-heading-title elementor-size-default\">Central do Ingl\u00eas<\/h3>\t\t\t\t<\/div>\n\t\t\t\t<\/div>\n\t\t\t\t<div class=\"elementor-element elementor-element-40ec4de elementor-widget elementor-widget-text-editor\" data-id=\"40ec4de\" data-element_type=\"widget\" data-settings=\"{&quot;ekit_we_effect_on&quot;:&quot;none&quot;}\" data-widget_type=\"text-editor.default\">\n\t\t\t\t<div class=\"elementor-widget-container\">\n\t\t\t\t\t\t\t\t\t<p data-start=\"208\" data-end=\"510\">A <strong data-start=\"210\" data-end=\"231\">Central do Ingl\u00eas<\/strong> \u00e9 um portal dedicado a promover o aprendizado do ingl\u00eas de forma <strong data-start=\"297\" data-end=\"331\">acess\u00edvel, eficiente e pr\u00e1tica<\/strong>. Desde 2011, estamos no ar oferecendo <strong data-start=\"370\" data-end=\"406\">conte\u00fado gratuito e de qualidade<\/strong>.<\/p><p data-start=\"512\" data-end=\"794\">Nosso foco \u00e9 ensinar o ingl\u00eas <strong data-start=\"542\" data-end=\"581\">que voc\u00ea realmente usa no dia a dia<\/strong> \u2014 em conversas, viagens, no trabalho, nos estudos e em situa\u00e7\u00f5es reais de comunica\u00e7\u00e3o. Acreditamos que <strong data-start=\"685\" data-end=\"733\">dominar o ingl\u00eas \u00e9 abrir portas para o mundo<\/strong>, criando oportunidades pessoais, acad\u00eamicas e profissionais.<\/p><p data-start=\"796\" data-end=\"1089\">Aqui, o aprendizado \u00e9 simples, direto e constante. Reunimos <strong data-start=\"856\" data-end=\"896\">materiais atualizados periodicamente<\/strong>, como artigos, li\u00e7\u00f5es de gram\u00e1tica, dicas de vocabul\u00e1rio, express\u00f5es idiom\u00e1ticas e muito mais.<\/p><p data-start=\"1091\" data-end=\"1342\">Mais do que um site, somos uma <strong data-start=\"1122\" data-end=\"1163\">comunidade de apaixonados pelo ingl\u00eas<\/strong>. Nosso objetivo \u00e9 inspirar cada usu\u00e1rio a aprender, praticar e evoluir continuamente.<\/p><p data-start=\"1091\" data-end=\"1342\">Idealizado pelo professor <strong>Victor Lopes.<\/strong><\/p>\t\t\t\t\t\t\t\t<\/div>\n\t\t\t\t<\/div>\n\t\t\t\t<\/div>\n\t\t\t\t<\/div>\n\t\t\t\t<\/div>\n\t\t","protected":false},"excerpt":{"rendered":"<p>Quem Somos Central do Ingl\u00eas A Central do Ingl\u00eas \u00e9 um portal dedicado a promover o aprendizado do ingl\u00eas de forma acess\u00edvel, eficiente e pr\u00e1tica. Desde 2011, estamos no ar oferecendo conte\u00fado gratuito e de qualidade. Nosso foco \u00e9 ensinar o ingl\u00eas que voc\u00ea realmente usa no dia a dia \u2014 em conversas, viagens, no [&hellip;]<\/p>\n","protected":false},"author":4,"featured_media":0,"parent":0,"menu_order":0,"comment_status":"closed","ping_status":"closed","template":"elementor_header_footer","meta":{"footnotes":""},"class_list":["post-2626","page","type-page","status-publish","hentry"],"_links":{"self":[{"href":"https:\/\/centraldoingles.com\/portal\/wp-json\/wp\/v2\/pages\/2626","targetHints":{"allow":["GET"]}}],"collection":[{"href":"https:\/\/centraldoingles.com\/portal\/wp-json\/wp\/v2\/pages"}],"about":[{"href":"https:\/\/centraldoingles.com\/portal\/wp-json\/wp\/v2\/types\/page"}],"author":[{"embeddable":true,"href":"https:\/\/centraldoingles.com\/portal\/wp-json\/wp\/v2\/users\/4"}],"replies":[{"embeddable":true,"href":"https:\/\/centraldoingles.com\/portal\/wp-json\/wp\/v2\/comments?post=2626"}],"version-history":[{"count":0,"href":"https:\/\/centraldoingles.com\/portal\/wp-json\/wp\/v2\/pages\/2626\/revisions"}],"wp:attachment":[{"href":"https:\/\/centraldoingles.com\/portal\/wp-json\/wp\/v2\/media?parent=2626"}],"curies":[{"name":"wp","href":"https:\/\/api.w.org\/{rel}","templated":true}]}}